{"id":2856,"date":"2025-04-01T11:02:53","date_gmt":"2025-04-01T09:02:53","guid":{"rendered":"https:\/\/vet-psy.com\/?page_id=2856"},"modified":"2025-04-01T11:16:24","modified_gmt":"2025-04-01T09:16:24","slug":"mentions-legales","status":"publish","type":"page","link":"https:\/\/vet-psy.com\/index.php\/mentions-legales\/","title":{"rendered":"Mentions l\u00e9gales"},"content":{"rendered":"<div data-colibri-id=\"2856-c1\" class=\"style-2481 style-local-2856-c1 position-relative\">\n  <!---->\n  <div data-colibri-component=\"section\" data-colibri-id=\"2856-c2\" id=\"custom\" class=\"h-section h-section-global-spacing d-flex align-items-lg-center align-items-md-center align-items-center style-2482 style-local-2856-c2 position-relative\">\n    <!---->\n    <!---->\n    <div class=\"h-section-grid-container h-section-boxed-container\">\n      <!---->\n      <div data-colibri-id=\"2856-c3\" class=\"h-row-container gutters-row-lg-2 gutters-row-md-2 gutters-row-0 gutters-row-v-lg-2 gutters-row-v-md-2 gutters-row-v-2 style-2483 style-local-2856-c3 position-relative\">\n        <!---->\n        <div class=\"h-row justify-content-lg-center justify-content-md-center justify-content-center align-items-lg-stretch align-items-md-stretch align-items-stretch gutters-col-lg-2 gutters-col-md-2 gutters-col-0 gutters-col-v-lg-2 gutters-col-v-md-2 gutters-col-v-2\">\n          <!---->\n          <div class=\"h-column h-column-container d-flex h-col-lg-auto h-col-md-auto h-col-auto style-2484-outer style-local-2856-c4-outer\">\n            <div data-colibri-id=\"2856-c4\" class=\"d-flex h-flex-basis h-column__inner h-px-lg-2 h-px-md-2 h-px-2 v-inner-lg-2 v-inner-md-2 v-inner-2 style-2484 style-local-2856-c4 position-relative\">\n              <!---->\n              <!---->\n              <div class=\"w-100 h-y-container h-column__content h-column__v-align flex-basis-100 align-self-lg-start align-self-md-start align-self-start\">\n                <!---->\n                <div data-colibri-id=\"2856-c5\" class=\"h-text h-text-component style-2485 style-local-2856-c5 position-relative h-element\">\n                  <!---->\n                  <!---->\n                  <div class=\"\">\n                    <h2><strong>La soci\u00e9t\u00e9<\/strong><\/h2>\n                    <p>Dr Christ\u00e8le Crozier\n                      <br>N\u00b0 d\u2019ordre 17225\n                      <br>Titulaire du DIE V\u00e9t\u00e9rinaire Comportementaliste<\/p>\n                    <p>7 rue de la Fuye\n                      <br>79600 AIRVAULT<\/p>\n                    <p>06 17 20 18 65\n                      <br>cristele.crozier@free.fr<\/p>\n                    <p>Entrepris Individuelle : 797 845 179 00051\n                      <br>TVA non applicable, art. 293 B du CGI<\/p>\n                    <p>H\u00e9bergeur : OVH \u2013 19 Pl. Fran\u00e7oise Dorin, 75017 Paris \u2013 09 55 00 66 33\n                      <br>Nom de domaine OVH<\/p>\n                    <p>\n                      <br>\n                    <\/p>\n                  <\/div>\n                <\/div>\n              <\/div>\n            <\/div>\n          <\/div>\n        <\/div>\n      <\/div>\n    <\/div>\n  <\/div>\n<\/div>","protected":false},"excerpt":{"rendered":"<p>La soci\u00e9t\u00e9 Dr Christ\u00e8le Crozier N\u00b0 d\u2019ordre 17225 Titulaire du DIE V\u00e9t\u00e9rinaire Comportementaliste 7 rue de la Fuye 79600 AIRVAULT 06 17 20 18 65 cristele.crozier@free.fr Entrepris Individuelle : 797 845 179 00051 TVA non applicable, art. 293 B du CGI H\u00e9bergeur : OVH \u2013 19 Pl. Fran\u00e7oise Dorin, 75017 Paris \u2013 09 55 00 [&hellip;]<\/p>\n","protected":false},"author":1,"featured_media":0,"parent":0,"menu_order":0,"comment_status":"closed","ping_status":"closed","template":"page-templates\/full-width-page.php","meta":{"footnotes":""},"class_list":["post-2856","page","type-page","status-publish","hentry"],"yoast_head":"<!-- This site is optimized with the Yoast SEO plugin v27.4 - https:\/\/yoast.com\/product\/yoast-seo-wordpress\/ -->\n<title>Mentions l\u00e9gales - Dr Christ\u00e8le Crozier - V\u00e9t\u00e9rinaire comportementaliste - Zoopsychiatre<\/title>\n<meta name=\"robots\" content=\"index, follow, max-snippet:-1, max-image-preview:large, max-video-preview:-1\" \/>\n<link rel=\"canonical\" href=\"https:\/\/vet-psy.com\/index.php\/mentions-legales\/\" \/>\n<meta property=\"og:locale\" content=\"fr_FR\" \/>\n<meta property=\"og:type\" content=\"article\" \/>\n<meta property=\"og:title\" content=\"Mentions l\u00e9gales - Dr Christ\u00e8le Crozier - V\u00e9t\u00e9rinaire comportementaliste - Zoopsychiatre\" \/>\n<meta property=\"og:description\" content=\"La soci\u00e9t\u00e9 Dr Christ\u00e8le Crozier N\u00b0 d\u2019ordre 17225 Titulaire du DIE V\u00e9t\u00e9rinaire Comportementaliste 7 rue de la Fuye 79600 AIRVAULT 06 17 20 18 65 cristele.crozier@free.fr Entrepris Individuelle : 797 845 179 00051 TVA non applicable, art. 293 B du CGI H\u00e9bergeur : OVH \u2013 19 Pl. Fran\u00e7oise Dorin, 75017 Paris \u2013 09 55 00 [&hellip;]\" \/>\n<meta property=\"og:url\" content=\"https:\/\/vet-psy.com\/index.php\/mentions-legales\/\" \/>\n<meta property=\"og:site_name\" content=\"Dr Christ\u00e8le Crozier - V\u00e9t\u00e9rinaire comportementaliste - Zoopsychiatre\" \/>\n<meta property=\"article:publisher\" content=\"https:\/\/www.facebook.com\/Christele.crozier.veterinaire.comportementaliste\" \/>\n<meta property=\"article:modified_time\" content=\"2025-04-01T09:16:24+00:00\" \/>\n<meta property=\"og:image\" content=\"https:\/\/vet-psy.com\/wp-content\/uploads\/2021\/05\/logo-veto.png\" \/>\n\t<meta property=\"og:image:width\" content=\"350\" \/>\n\t<meta property=\"og:image:height\" content=\"356\" \/>\n\t<meta property=\"og:image:type\" content=\"image\/png\" \/>\n<meta name=\"twitter:card\" content=\"summary_large_image\" \/>\n<script type=\"application\/ld+json\" class=\"yoast-schema-graph\">{\"@context\":\"https:\\\/\\\/schema.org\",\"@graph\":[{\"@type\":\"WebPage\",\"@id\":\"https:\\\/\\\/vet-psy.com\\\/index.php\\\/mentions-legales\\\/\",\"url\":\"https:\\\/\\\/vet-psy.com\\\/index.php\\\/mentions-legales\\\/\",\"name\":\"Mentions l\u00e9gales - Dr Christ\u00e8le Crozier - V\u00e9t\u00e9rinaire comportementaliste - Zoopsychiatre\",\"isPartOf\":{\"@id\":\"https:\\\/\\\/vet-psy.com\\\/#website\"},\"datePublished\":\"2025-04-01T09:02:53+00:00\",\"dateModified\":\"2025-04-01T09:16:24+00:00\",\"breadcrumb\":{\"@id\":\"https:\\\/\\\/vet-psy.com\\\/index.php\\\/mentions-legales\\\/#breadcrumb\"},\"inLanguage\":\"fr-FR\",\"potentialAction\":[{\"@type\":\"ReadAction\",\"target\":[\"https:\\\/\\\/vet-psy.com\\\/index.php\\\/mentions-legales\\\/\"]}]},{\"@type\":\"BreadcrumbList\",\"@id\":\"https:\\\/\\\/vet-psy.com\\\/index.php\\\/mentions-legales\\\/#breadcrumb\",\"itemListElement\":[{\"@type\":\"ListItem\",\"position\":1,\"name\":\"Accueil\",\"item\":\"https:\\\/\\\/vet-psy.com\\\/\"},{\"@type\":\"ListItem\",\"position\":2,\"name\":\"Mentions l\u00e9gales\"}]},{\"@type\":\"WebSite\",\"@id\":\"https:\\\/\\\/vet-psy.com\\\/#website\",\"url\":\"https:\\\/\\\/vet-psy.com\\\/\",\"name\":\"Dr.Christ\u00e8le crozier - V\u00e9t\u00e9rinaire comportementaliste - Zoopsychiatre\",\"description\":\"Cabinet Vet&amp;Psy - V\u00e9t\u00e9rinaire comportementaliste - Zoopsychiatre\",\"publisher\":{\"@id\":\"https:\\\/\\\/vet-psy.com\\\/#organization\"},\"potentialAction\":[{\"@type\":\"SearchAction\",\"target\":{\"@type\":\"EntryPoint\",\"urlTemplate\":\"https:\\\/\\\/vet-psy.com\\\/?s={search_term_string}\"},\"query-input\":{\"@type\":\"PropertyValueSpecification\",\"valueRequired\":true,\"valueName\":\"search_term_string\"}}],\"inLanguage\":\"fr-FR\"},{\"@type\":\"Organization\",\"@id\":\"https:\\\/\\\/vet-psy.com\\\/#organization\",\"name\":\"Vet-Psy V\u00e9t\u00e9rinaire Zoophsychiatre\",\"url\":\"https:\\\/\\\/vet-psy.com\\\/\",\"logo\":{\"@type\":\"ImageObject\",\"inLanguage\":\"fr-FR\",\"@id\":\"https:\\\/\\\/vet-psy.com\\\/#\\\/schema\\\/logo\\\/image\\\/\",\"url\":\"https:\\\/\\\/vet-psy.com\\\/wp-content\\\/uploads\\\/2021\\\/01\\\/cropped-logo-veto.jpg\",\"contentUrl\":\"https:\\\/\\\/vet-psy.com\\\/wp-content\\\/uploads\\\/2021\\\/01\\\/cropped-logo-veto.jpg\",\"width\":512,\"height\":512,\"caption\":\"Vet-Psy V\u00e9t\u00e9rinaire Zoophsychiatre\"},\"image\":{\"@id\":\"https:\\\/\\\/vet-psy.com\\\/#\\\/schema\\\/logo\\\/image\\\/\"},\"sameAs\":[\"https:\\\/\\\/www.facebook.com\\\/Christele.crozier.veterinaire.comportementaliste\"]}]}<\/script>\n<!-- \/ Yoast SEO plugin. -->","yoast_head_json":{"title":"Mentions l\u00e9gales - Dr Christ\u00e8le Crozier - V\u00e9t\u00e9rinaire comportementaliste - Zoopsychiatre","robots":{"index":"index","follow":"follow","max-snippet":"max-snippet:-1","max-image-preview":"max-image-preview:large","max-video-preview":"max-video-preview:-1"},"canonical":"https:\/\/vet-psy.com\/index.php\/mentions-legales\/","og_locale":"fr_FR","og_type":"article","og_title":"Mentions l\u00e9gales - Dr Christ\u00e8le Crozier - V\u00e9t\u00e9rinaire comportementaliste - Zoopsychiatre","og_description":"La soci\u00e9t\u00e9 Dr Christ\u00e8le Crozier N\u00b0 d\u2019ordre 17225 Titulaire du DIE V\u00e9t\u00e9rinaire Comportementaliste 7 rue de la Fuye 79600 AIRVAULT 06 17 20 18 65 cristele.crozier@free.fr Entrepris Individuelle : 797 845 179 00051 TVA non applicable, art. 293 B du CGI H\u00e9bergeur : OVH \u2013 19 Pl. Fran\u00e7oise Dorin, 75017 Paris \u2013 09 55 00 [&hellip;]","og_url":"https:\/\/vet-psy.com\/index.php\/mentions-legales\/","og_site_name":"Dr Christ\u00e8le Crozier - V\u00e9t\u00e9rinaire comportementaliste - Zoopsychiatre","article_publisher":"https:\/\/www.facebook.com\/Christele.crozier.veterinaire.comportementaliste","article_modified_time":"2025-04-01T09:16:24+00:00","og_image":[{"width":350,"height":356,"url":"https:\/\/vet-psy.com\/wp-content\/uploads\/2021\/05\/logo-veto.png","type":"image\/png"}],"twitter_card":"summary_large_image","schema":{"@context":"https:\/\/schema.org","@graph":[{"@type":"WebPage","@id":"https:\/\/vet-psy.com\/index.php\/mentions-legales\/","url":"https:\/\/vet-psy.com\/index.php\/mentions-legales\/","name":"Mentions l\u00e9gales - Dr Christ\u00e8le Crozier - V\u00e9t\u00e9rinaire comportementaliste - Zoopsychiatre","isPartOf":{"@id":"https:\/\/vet-psy.com\/#website"},"datePublished":"2025-04-01T09:02:53+00:00","dateModified":"2025-04-01T09:16:24+00:00","breadcrumb":{"@id":"https:\/\/vet-psy.com\/index.php\/mentions-legales\/#breadcrumb"},"inLanguage":"fr-FR","potentialAction":[{"@type":"ReadAction","target":["https:\/\/vet-psy.com\/index.php\/mentions-legales\/"]}]},{"@type":"BreadcrumbList","@id":"https:\/\/vet-psy.com\/index.php\/mentions-legales\/#breadcrumb","itemListElement":[{"@type":"ListItem","position":1,"name":"Accueil","item":"https:\/\/vet-psy.com\/"},{"@type":"ListItem","position":2,"name":"Mentions l\u00e9gales"}]},{"@type":"WebSite","@id":"https:\/\/vet-psy.com\/#website","url":"https:\/\/vet-psy.com\/","name":"Dr.Christ\u00e8le crozier - V\u00e9t\u00e9rinaire comportementaliste - Zoopsychiatre","description":"Cabinet Vet&amp;Psy - V\u00e9t\u00e9rinaire comportementaliste - Zoopsychiatre","publisher":{"@id":"https:\/\/vet-psy.com\/#organization"},"potentialAction":[{"@type":"SearchAction","target":{"@type":"EntryPoint","urlTemplate":"https:\/\/vet-psy.com\/?s={search_term_string}"},"query-input":{"@type":"PropertyValueSpecification","valueRequired":true,"valueName":"search_term_string"}}],"inLanguage":"fr-FR"},{"@type":"Organization","@id":"https:\/\/vet-psy.com\/#organization","name":"Vet-Psy V\u00e9t\u00e9rinaire Zoophsychiatre","url":"https:\/\/vet-psy.com\/","logo":{"@type":"ImageObject","inLanguage":"fr-FR","@id":"https:\/\/vet-psy.com\/#\/schema\/logo\/image\/","url":"https:\/\/vet-psy.com\/wp-content\/uploads\/2021\/01\/cropped-logo-veto.jpg","contentUrl":"https:\/\/vet-psy.com\/wp-content\/uploads\/2021\/01\/cropped-logo-veto.jpg","width":512,"height":512,"caption":"Vet-Psy V\u00e9t\u00e9rinaire Zoophsychiatre"},"image":{"@id":"https:\/\/vet-psy.com\/#\/schema\/logo\/image\/"},"sameAs":["https:\/\/www.facebook.com\/Christele.crozier.veterinaire.comportementaliste"]}]}},"_links":{"self":[{"href":"https:\/\/vet-psy.com\/index.php\/wp-json\/wp\/v2\/pages\/2856","targetHints":{"allow":["GET"]}}],"collection":[{"href":"https:\/\/vet-psy.com\/index.php\/wp-json\/wp\/v2\/pages"}],"about":[{"href":"https:\/\/vet-psy.com\/index.php\/wp-json\/wp\/v2\/types\/page"}],"author":[{"embeddable":true,"href":"https:\/\/vet-psy.com\/index.php\/wp-json\/wp\/v2\/users\/1"}],"replies":[{"embeddable":true,"href":"https:\/\/vet-psy.com\/index.php\/wp-json\/wp\/v2\/comments?post=2856"}],"version-history":[{"count":4,"href":"https:\/\/vet-psy.com\/index.php\/wp-json\/wp\/v2\/pages\/2856\/revisions"}],"predecessor-version":[{"id":2880,"href":"https:\/\/vet-psy.com\/index.php\/wp-json\/wp\/v2\/pages\/2856\/revisions\/2880"}],"wp:attachment":[{"href":"https:\/\/vet-psy.com\/index.php\/wp-json\/wp\/v2\/media?parent=2856"}],"curies":[{"name":"wp","href":"https:\/\/api.w.org\/{rel}","templated":true}]}}